. What are the prime factors of l?
2, 13
Let b(n) = -30*n**2 - 12*n + 1. Let d(r) = -31*r**2 - 13*r. Suppose 13*o = 4*o + 54. Let v(a) = o*d(a) - 7*b(a). What are the prime factors of v(2)?
101
Let h(o) = 6*o**2 - 9*o - 12. Let b(g) = 3*g**3 + g**2 - 1. Let v be b(1). Suppose 4*c + 5*q - 24 = 0, -v*c + 2*q + 24 = c. What are the prime factors of h(c)?
2, 3, 5
Let y(g) = g**3 + 14*g**2 + 21*g - 16. Let q be y(-12). Let a be (150/q)/(1/2). Let b = 25 - a. List the prime factors of b.
2, 5
Suppose -s - 16*s - 70285 = -256826. What are the prime factors of s?
10973
Let x(b) = 5*b**2 - b - 18. Let r be x(-3). What are the prime factors of (-60)/((-1)/5*r/18)?
2, 3, 5
Let n = 10831 + -4195. What are the prime factors of n?
2, 3, 7, 79
Let q(p) = p**2 + 8*p - 7. Let t be q(-9). Suppose t*g - 326 = 4*k, -k = 2*g + 4*k - 335. List the prime factors of g.
3, 5, 11
Let m be 4/3 - (-2 - (-50)/15). Suppose -1403 = 7*q - 12*q - 3*z, m = -3*q - z + 845. What are the prime factors of q?
283
Let s = 7729 + 5789. What are the prime factors of s?
2, 3, 751
Let q(k) = 3*k + 9. Let d(z) = z. Let r(a) = -2*d(a) + q(a). Let j be r(-6). What are the prime factors of (3/(-9))/(j/(-801))?
89
Let a(k) = 4489 + 4*k + 46*k - 4419. What are the prime factors of a(13)?
2, 3, 5
Suppose 7*v = 4*v + 15. Suppose -v*s - 5*u = -585, 3*s + 5*u = 226 + 129. What are the prime factors of s?
5, 23
Suppose 14*h = 10*h - 164. Suppose -2*z + 2 = -5*v - 5, -2*v = -z + 4. Let k = z - h. List the prime factors of k.
47
Suppose -13*n + 123 = -20. Suppose n*c + 1143 = 2*c. Let o = 296 + c. What are the prime factors of o?
13
Suppose -6*n = 2*c - 9*n - 13263, n + 33125 = 5*c. What are the prime factors of c?
2, 3, 23
Let q be 1/(-1 + 24/20). Suppose -2*w + k + 170 = -153, q*k = 4*w - 631. What are the prime factors of 1/(2 - (3 - w/162))?
3
Let a = -523 + 516. What are the prime factors of a/35 + (-14646)/(-30)?
2, 61
Suppose 85*v - 36*v + 818787 = 2630366. What are the prime factors of v?
11, 3361
Suppose -7*n = -2*n - 10. Suppose -1155 = 5*o + 7*k - n*k, -2*o - 4*k - 452 = 0. Let h = 374 + o. What are the prime factors of h?
2, 3, 23
Let w = -262 + 266. Suppose 0 = 6*s - 3*s - 42. What are the prime factors of (6000/70 + w/s)/1?
2, 43
Let v = 29 + 11. Let w = v - 36. Suppose 2*q - 6 = c - 72, w*c - 234 = 2*q. What are the prime factors of c?
2, 7
What are the prime factors of 19268 + 2 + (7 - 10)?
19267
Let g be (2 + -6)/(6/(-15))*14. Let f = g - -205. Suppose 12*t - f = 567. List the prime factors of t.
2, 19
Let o(w) be the third derivative of w**4/8 + 85*w**3/2 - w**2 - 7. What are the prime factors of o(17)?
2, 3, 17
Let x(o) = -o**3 - 5*o**2 - 4*o + 16. Suppose -4*g + 10*h - 5*h = 9, -5*g = -5*h + 15. Let p be x(g). Let k = p + 81. List the prime factors of k.
157
Let d(m) = -71*m + 8. Let f(s) = 71*s - 8. Let h(k) = 2*d(k) + 3*f(k). What are the prime factors of h(6)?
2, 11, 19
Let z = 48 + -46. Suppose 0 = -5*p - z*p + 7. List the prime factors of 32 + 1 + 3/p.
2, 3
Let s(y) = 3*y**3 - 6*y**2 + 2*y - 17. Let h be s(3). Let q = -33 - -55. Suppose -q*u + 882 = -h*u. What are the prime factors of u?
3, 7
Suppose -23*r + 8*r = 13665. Let a = -545 - r. Suppose -v + 187 = -2*y, 9*y - a = -2*v + 5*y. List the prime factors of v.
5, 37
Let g(t) = 864*t**2 - 602*t + 2424. What are the prime factors of g(4)?
2, 5, 173
Suppose -5*i = 159 - 139. Let n(y) = -10*y**2 - y - 12. Let m be n(i). Let w = m - -406. List the prime factors of w.
2, 7, 17
What are the prime factors of (397008/72)/(8/36)?
3, 919
Suppose -2*h + 25260 = 5*b, 2*b - 6*b - 63183 = -5*h. Suppose 156*f + h = 163*f. What are the prime factors of f?
5, 19
Suppose -2*p - 21 = 41. Let t = 74 + p. Suppose t*m = 46*m - 165. What are the prime factors of m?
5, 11
Suppose -3*t = -3*w + 55218, 0 = -4*t + 150 - 154. What are the prime factors of w?
3, 5, 409
What are the prime factors of 3/((-39)/(-51716)) + (-8)/52?
2, 3, 13, 17
Let h(l) = 6*l**2 - 13*l - 27. Let a be h(-10). Let b = a + -302. What are the prime factors of b?
401
Let q = 7804 + 21378. List the prime factors of q.
2, 14591
Let u(t) = 3*t + 55. Let n be u(0). Suppose 4116 = 3*c + 5*z, -n*c - 4143 = -58*c + 4*z. What are the prime factors of c?
3, 17
Suppose 0 = -7*h + 4*h - 14*h + 80699. What are the prime factors of h?
47, 101
Let t(x) = -51*x**3 - x**2 + 10*x + 24. Suppose 13*n = 9 - 48. What are the prime factors of t(n)?
2, 3, 227
Let j(a) = 3*a - 6. Let z(t) = -t - 1. Let w be (-6)/(-4)*(-220)/(-66). Let n(s) = w*z(s) + j(s). List the prime factors of n(-12).
13
Let z = 12321 - 2949. List the prime factors of z.
2, 3, 11, 71
Let a(i) = -1 + 2*i - 5 - 2*i**2 + 5*i. Let h be a(5). Let w = h - -55. List the prime factors of w.
2, 17
Let m be 3/(6 + -1 + -6). List the prime factors of -3 + (-2)/m*57255/22.
2, 433
Let d(a) = 13*a**2 - 9*a - 78. List the prime factors of d(-13).
2, 13, 43
Let d = -282 + 298. Suppose -19*t = d*t - 34825. What are the prime factors of t?
5, 199
Let b(x) = x**3 + 10*x**2 + 15. Let i(o) = -6*o + 51. Let k be i(10). List the prime factors of b(k).
2, 3
Let d(a) = 25 - 5 - 180 + 30*a - 14. What are the prime factors of d(15)?
2, 3, 23
Suppose 0 = -28*s + 115*s - 59*s - 56476. What are the prime factors of s?
2017
Let g be (1 - -3)*(-3)/6. Let c(r) = -191*r + 13. Let s(p) = -32*p + 2. Let h(f) = 6*c(f) - 34*s(f). List the prime factors of h(g).
2, 3, 7
Let s = 8016 + -4079. What are the prime factors of s?
31, 127
Let p be 2*(-4)/8 - -6. What are the prime factors of 5/(0 + p/60)?
2, 3, 5
Let a(y) = -8*y + 315. Let n(u) = -u**3 - u. Let x be n(0). What are the prime factors of a(x)?
3, 5, 7
Let t(z) = -41*z**3 + 3*z**2 - 7*z - 83. List the prime factors of t(-7).
2, 443
Suppose -18*d + 16*d + 44199 = k, 3*d + k - 66300 = 0. What are the prime factors of d?
3, 53, 139
Suppose 47*x - 156822 + 78569 - 154867 = 0. What are the prime factors of x?
2, 5, 31
Let t(a) = 51*a**2 + 13*a + 1. Let c be t(4). Let h = c - 517. What are the prime factors of h?
2, 11
Let n(d) = 1918*d - 5467. List the prime factors of n(19).
3, 5, 7, 59
Let k(l) = 7193*l + 258. What are the prime factors of k(3)?
3, 29, 251
List the prime factors of ((-64372)/33)/(-22)*303.
2, 7, 19, 101
Let c(k) = 92*k**2 + 2*k + 48. List the prime factors of c(-6).
2, 3, 31
Suppose -6*f + 11*f - 1275 = -5*u, 0 = -5*u + 4*f + 1266. Let l = u - -411. What are the prime factors of l?
5, 7, 19
Suppose 7*u + 57 = 92. Suppose u*w - 749 = -a, 12*a - 13*a + 451 = 3*w. What are the prime factors of w?
149
What are the prime factors of (3205 - 12) + 2 + -3?
2, 3, 7, 19
Let v = 43867 + -13177. What are the prime factors of v?
2, 3, 5, 11, 31
Suppose j - 5*u = 11408, 52*j - 48*j - 45522 = -2*u. Suppose -8*h - 1671 + j = 0. List the prime factors of h.
2, 607
Let u = 6 - -16. Let z(i) = 54*i - u + 59*i - 98*i. List the prime factors of z(7).
83
Suppose -19 = -7*z + 23. Suppose n = 2*p - 6, 9 = 2*n + 5*p - z. What are the prime factors of 753/6 - (4/8 - n)?
5
Let v(n) = -6 + 7*n + n**3 - 8*n**2 + 5*n**2 + 6*n. Let a(j) = 3*j**3 - 9*j**2 + 38*j - 18. Let q(r) = 3*a(r) - 8*v(r). List the prime factors of q(4).
2, 5
Suppose -24*i + 80 = 8. List the prime factors of 2 - 17759/(-28) - i/12.
2, 3, 53
What are the prime factors of 0 - 2/5 - (-397221)/165?
29, 83
Suppose -34850 + 2642 = -8*p. Suppose 4*j - 1399 = -3*n + p, 0 = -n - 2*j + 1807. List the prime factors of n.
1811
What are the prime factors of 24830792/336 + (-20)/(-24)?
2, 3, 109, 113
Suppose 2*f = -6, 4*c - 22 = -8*f + 10*f. Suppose -2*m - 6906 = -5*r, -c*r = -5*r - 4*m + 1390. What are the prime factors of r?
2, 691
Suppose -31*h = -606944 + 85958. List the prime factors of h.
2, 3, 2801
Let b be 3/(-6)*-3*6. Let o = -158 - -140. What are the prime factors of o/27 + 267/b?
29
Let f be (-16132)/(-32) + 4/(-32). Let a = 1739 - f. What are the prime factors of a?
5, 13, 19
Suppose 3*l - a = -228 + 953, 3*a = 3. Let g = 743 + l. What are the prime factors of g?
5, 197
Let o(n) = 103*n**2 + 112*n - 1781. What are the prime factors of o(14)?
5, 17, 47
Suppose 23*d - 27*d = -20. Suppose 1137 = d*l - 978. List the prime factors of l.
3, 47
Let f be 2 + -4 + (-3 - (-2 - -18)). List the prime factors of 4/(160/5692) - f/(-70).
2, 71
Let g(w) = -17*w + 14*w 